e the second derivative of 5*o**3/6 - 3*o**2 + o. Suppose 438*y - 435*y - 9 = 0. What is g(y)?
9
Let r(m) = -m**2 + 23*m - 57. Let n be r(20). Let x(o) be the second derivative of -14*o + 5/3*o**n - 1/2*o**2 + 0. Calculate x(1).
9
Let r(y) = -y**3 + 4*y**2 + 6*y + 5. Suppose -54*x - 98*x = -760. Give r(x).
10
Let v(i) be the first derivative of 11*i + 6*i**2 - 40 + 1/3*i**3. Calculate v(-11).
0
Let c(b) be the third derivative of -17*b**4/24 + 23*b**3/2 + 207*b**2. Let w be c(4). Let g(k) be the second derivative of k**5/20 + k. Calculate g(w).
1
Let i(h) = h**3 + h. Let l(b) be the third derivative of b**6/60 - 3*b**5/20 + 7*b**4/12 + 11*b**3/6 + 23*b**2. Let d(r) = 3*i(r) - l(r). Calculate d(-10).
-1
Suppose -2*g = -471 - 663. Let b = g + -563. Let l(d) = 2*d + 6. Determine l(b).
14
Let z(q) = 107*q**3 + 31*q**2 + 79*q - 241. Let r(o) = -11*o**3 - 3*o**2 - 8*o + 25. Let j(v) = -39*r(v) - 4*z(v). Let k be (1 - (-5)/3)*3. Calculate j(k).
21
Let q(v) be the second derivative of v**4/6 - 3*v**3/2 + v**2/2 - v. Suppose 5748*c = 5772*c - 96. Give q(c).
-3
Suppose -5*f = 5*v - 15, f + 2*v = 2*f - 3. Let r(b) = -3*b**2 + b. Let g(t) = 7*t**2 - t + 2. Let w = -83 + 88. Let m(a) = w*r(a) + 2*g(a). Determine m(f).
4
Let x(b) = 4*b. Let r be ((-18)/(-15))/(2/5). Suppose -4*v + r = -2*u - 9*v, -4*u + 39 = v. Let y = -14 + u. Calculate x(y).
-12
Suppose -2*m - a = 2*a + 24, -3*m = 4*a + 37. Let c = 19 + m. Let t(j) = 3*j**2 - 4 + 10*j - c*j - j**3 - 3*j. Give t(4).
-8
Suppose -r = -5*q - 8, 2*r + 16 = -5*q - r. Let v(d) = -70 - 454*d + 5*d**2 + 70 + 457*d. What is v(q)?
14
Let z(g) = -20*g - 698. Let a(o) = 20*o + 550. Let u(s) = 6*a(s) + 5*z(s). Determine u(11).
30
Let p = -12 + 13. Let w(b) = 2*b**2 + 9*b. Let c(g) = -5*g**2 - 19*g - 1. Let a(f) = 3*c(f) + 7*w(f). Let v(r) = -r + 1. Let t(k) = p*a(k) + 5*v(k). Give t(3).
-4
Let u(s) be the second derivative of -s**6/120 + 7*s**5/60 - s**4/12 + 5*s**3/3 - 26*s**2 - 139*s. Let d(a) be the first derivative of u(a). Determine d(7).
-4
Suppose 0 = -9*c + 6*c + 6. Suppose -6*g = n - c*g, -5*n + 17 = 3*g. Let t(u) = -2 - u**2 + 0 + 4 + n*u. Calculate t(6).
-10
Suppose 116*k - 606 = 206. Let j(r) = -r - 12. Calculate j(k).
-19
Let y(g) = g**2 + 29*g - 217. Let j be y(6). Let k(v) be the third derivative of 6*v**2 + 0*v**3 + 1/24*v**4 + 0 + 0*v. Determine k(j).
-7
Let l be 202/(-22) + 6/33. Let j(y) = 8*y - 12. Let m(c) = -3*c + 7. Let o(v) = -2*j(v) - 5*m(v). Give o(l).
-2
Let n(v) be the first derivative of -v**6/360 + 7*v**5/60 - v**4/8 + 269*v**3/3 - 70. Let w(s) be the third derivative of n(s). Give w(11).
30
Let y(q) be the second derivative of -q**4/12 - q**3/2 + 4*q**2 + q + 380. Give y(2).
-2
Suppose 0 = 14*y + 92 - 113 + 105. Let c(q) = -q**2 - 20*q - 78. Calculate c(y).
6
Let g(v) = 2*v**3 - 20*v**2 + 18*v + 10. Let h be 1928/241 - ((-2)/(-2))/(-7 + 6). Give g(h).
10
Let p be 3/1 - (-3 + 6). Suppose 10 = 2*t - 4*l - 0*l, p = -l - 5. Let i(o) be the first derivative of o**4/4 + 2*o**3 + 5*o**2/2 - 5*o - 193. Give i(t).
-5
Let p(z) = -8*z**3 - z**2 + 4*z - 3. Let u(g) = -23*g**2 - 5*g + 19. Let w be u(-1). Calculate p(w).
-8
Suppose -n = -2*g - 32, -2*g + 0 = -3*n + 96. Let l(z) = 3*z - n + 14 + 13. Suppose 5*q - m = -4 + 23, 0 = -5*q + 2*m + 18. Determine l(q).
7
Let s(k) = 24*k - 3*k**2 + 2*k**2 + 3 + 0 + 27 - 7*k. Determine s(19).
-8
Let y(m) = -13*m**2 + 2*m + 3. Let w be y(-1). Let a be (-19)/(-3) - (-4)/w. Let d(k) = k - 2. Determine d(a).
4
Let n(s) be the third derivative of s**8/20160 - s**6/720 - 37*s**5/20 - 12*s**2 - 5. Let l(c) be the third derivative of n(c). Calculate l(4).
15
Let q(p) = p**3 - 11*p**2 - 13*p + 14. Suppose -2*s = -d - 26, -4*d + 14 = 5*s - 38. Let t be q(s). Let h(a) = -7*a - 3 + a**2 + 7*a - t*a. Determine h(-3).
12
Let x = -63 - -60. Let w(b) = b**3 + 2*b**2 + 2*b + 1. Let d(i) = -2*i**3 - 3*i**2 - i. Let p(r) = x*w(r) - 2*d(r). Let j = -9 - -6. What is p(j)?
-18
Let q(n) = -75*n + 501 + 66*n - 495. What is q(3)?
-21
Let p = -32 - -30. Let b(v) = -3*v**2 + 11*v - 3. Let c(y) = -y**2 + 5*y - 1. Let w(s) = 2*b(s) - 5*c(s). Give w(p).
1
Let z be 448/(-20)*(-8 - -15 - 2). Let a be z/72*-3 - (-1)/3. Let n(h) = -h**3 + 7*h**2 - 12*h + 7. Determine n(a).
-3
Suppose 216 = -5*p + 201. Let i be p*(-9 + 64/12). Let q(s) = -s**3 + 11*s**2 - s + 6. Give q(i).
-5
Let p(z) = -z + 10. Let y(w) = -19*w - 5. Let f(h) = -3*h - 1. Let i(d) = 6*f(d) - y(d). Let x(t) = 2*i(t) + p(t). Determine x(-6).
2
Let h = -4156 + 4151. Let r(o) be the second derivative of 0 + o**3 - o + 1/12*o**4 + 0*o**2. Calculate r(h).
-5
Let l(s) be the first derivative of -s**4/4 - 8*s**3/3 + 9*s**2/2 - 13*s - 10048. Give l(-8).
-85
Suppose -3*m + 54 - 238 = 5*q, 3*m = -q - 176. Let n = 56 + m. Let z be (-6)/(-2)*(-4 + n + 7). Let v(f) = f - 4. What is v(z)?
-1
Suppose 5*o = -h + 10 + 4, 0 = -2*o - 3*h + 16. Let j(n) = -5 + 3 + 33*n**2 - 40*n**o + n**3. Suppose 4*i - 43 = -15. Give j(i).
-2
Let k(l) be the second derivative of -l**3/2 + 19*l**2/2 + 6*l. Let n be k(-19). Suppose -t - n = -80. Let z(f) = 5*f + 2. Give z(t).
22
Let j(m) be the third derivative of -m**4/24 + 22*m**3/3 + m**2 - m + 867. Give j(9).
35
Let y = -2741 + 2743. Let u(f) = -2*f**3 - 3*f**2 + 1. Give u(y).
-27
Let w(h) = h + 21. Let b be (-42)/(-189) + ((-11)/9 - -1). Suppose b = -8*q + 6*q. What is w(q)?
21
Let d be (-1 - -3)*(-1)/(-2). Let p(u) = -d + u - u**2 - 8 - 13. Suppose 85*f + 21*f + 211*f = 0. Give p(f).
-22
Let n(f) = 2*f**2 + 4*f + 3. Suppose -9*j = -z - 14*j - 518, 0 = 3*z + j + 1582. Let t = z + 526. What is n(t)?
3
Let o(k) = 8*k + 1. Let m = 1736 + -1730. Give o(m).
49
Let y(q) = q**3 - 8*q**2 + 10*q - 20. Let i be y(7). Let l(t) = -18*t - 2*t**2 + 10*t + i + 7*t. Let w = -7 - -4. Determine l(w).
-14
Let l(r) = r**2 + 16*r + 6. Let o(f) = -5*f**2 - 98*f - 35. Let a(v) = 25*l(v) + 4*o(v). Determine a(-2).
14
Let k(t) = -t + 19. Let n(v) = 3*v - 38. Let j(d) = 5*d + 37. Let w be j(-7). Suppose 2*b - 12 = -w. Let i(z) = b*k(z) + 2*n(z). Calculate i(-13).
6
Let h(u) = -2*u + 3. Let x(j) = -10*j + 12. Suppose -2*z + 13 = 9. Let l(f) = z*x(f) - 11*h(f). Calculate l(7).
5
Let q(v) = 7*v**2 + 22*v + 17. Let i = 147 - 145. Let c(h) = 3*h**2 + 11*h + 8. Let m(y) = i*q(y) - 5*c(y). What is m(-5)?
24
Let b be (-8)/(-5)*30/(-12). Let p(n) be the first derivative of 3 + 0*n + 5/2*n**2 - 2/3*n**3 - 1/4*n**4. Calculate p(b).
12
Suppose -3*p = 19 - 49. Suppose -5*a - 5*v - p = 0, -2*a - 5*v - 10 = -3*a. Let u(s) = 899*s - 898*s - 2 - s**2 + 4. Give u(a).
2
Let a(p) = p**2 - 20*p - 1751. Let f be a(53). Let b(j) = j - 21. Determine b(f).
-23
Let d(y) be the second derivative of 1/2*y**2 + 20 - 1/6*y**3 - 1/12*y**4 + 2*y. What is d(0)?
1
Let d(a) be the third derivative of 5*a**4/12 + a**3/6 - 2*a**2 - 2*a - 1577. Let v(g) = -g**3 + 3*g**2 + 4*g - 1. Let z be v(4). Calculate d(z).
-9
Let m(l) = -21*l - 252. Suppose 0 = -47*r + 69 - 411 - 222. Calculate m(r).
0
Let a(k) = -2*k**3 + 3*k**2 - 3*k + 1. Let t(q) = -q**2 - 7*q - 54. Let n be t(-21). Let d = 350 + n. Give a(d).
-9
Let i = 8300 - 8297. Let l(k) be the second derivative of 2*k**2 - 26*k + 1/2*k**i + 0. What is l(5)?
19
Let a(u) be the second derivative of u**8/6720 - u**7/2520 - u**6/360 - u**5/20 + 14*u**4 + 159*u. Let v(z) be the third derivative of a(z). What is v(3)?
6
Let w(g) = -g**3 - 23*g**2 - 23*g - 28. Let h be w(-22). Let u(l) = l**3 + 3*l**2 - 18*l - 9. Give u(h).
-9
Suppose -711 - 183 = 79*j + 449. Let m(b) = -b**3 - 18*b**2 - 16*b + 25. Give m(j).
8
Let a(f) be the second derivative of -7*f**3/6 + 161*f**2 - 3414*f. Give a(46).
0
Suppose 57*g = 196*g + 973. Let u = -1 - -4. Let a(s) = 7*s**2 + 2*s + u + 1 + 5 + s**3. Determine a(g).
-5
Let q(w) be the first derivative of 4*w**3/3 - 20*w**2 - 2*w - 950. Give q(10).
-2
Let m(c) = 6 - 4*c + 0*c**2 + c - 2*c**3 + 2*c**3 + c**3 - 3*c**2. Let p be (-3)/(-6) - 33/(-6). Suppose -3*n + 18 = p. Determine m(n).
10
Let i be (-1)/2 - 75/6. Let m(a) be the third derivative of a**5/60 + 7*a**4/12 - 4*a**3/3 - 4*a**2 - a - 4308. Give m(i).
-21
Let b(l) = -2*l - 2. Let h(m) = -m**2 + 33*m - 47. Let t(a) = -6*b(a) - h(a). Give t(17).
-9
Let o(d) = 5*d - 14. Let a be o(4). Let q be -5 + a + 6 - 3. Let r(g) = -g - 1. Let n(l) = -5*l. Let p